t is the thousands digit of n?
3
Suppose -5*w - 13 = 2. Let g(o) = -2 - 19 - 190*o + 133*o. What is the hundreds digit of g(w)?
1
Let f(h) = h**3 + 6*h**2 - 7*h - 4. Let q be f(-7). Let p be (-2)/q - 12/(-24). What is the units digit of (4 - p) + -3 + 1?
1
Let c be 3/(6/10) - 3. Suppose c*l + 89 - 25 = x, -5*x - 3*l + 268 = 0. Let s = 95 - x. What is the tens digit of s?
3
Let o(p) = 1632*p**2 - 7*p - 10. Let v be o(-5). Suppose 39*g = 16*g + v. What is the thousands digit of g?
1
Let u(z) = -22*z + 202. Let a be u(9). Suppose 4*p - c - 61 = 2*p, -p + 8 = a*c. What is the tens digit of p?
2
Let l(o) = -26 - 14*o + 3*o**2 - 41 + 44. What is the hundreds digit of l(12)?
2
Suppose -5*r = 3*n - 32, -2*n = -3*r - 7*n + 32. Suppose 0*t + 3*m = r*t - 35, m + 41 = 5*t. Suppose -t*b - 1248 = -20*b. What is the hundreds digit of b?
1
Let b = -94 - -75. Let f(u) = u**2 + 15*u + 49. What is the tens digit of f(b)?
2
Suppose 0 = 10*z - 16*z + 21900. Let i = z - 2065. What is the hundreds digit of i?
5
Let d(o) = 47*o**2 - 12*o + 4. Let l(r) = -6*r + 23 - 21 - 21*r**2 + 44*r**2. Let f(u) = -2*d(u) + 5*l(u). What is the units digit of f(2)?
4
What is the ten thousands digit of -297*(-41)/(2829/17756)?
7
Let h = 3823 - 1896. What is the tens digit of h?
2
Suppose -3*x + s + 10 = 0, -7*s + 10 = -2*s. Suppose 2850 = x*m + 6*m. Let p = m - 184. What is the tens digit of p?
0
Let m(n) = 62*n**2 - 120*n - 2177. What is the hundreds digit of m(-21)?
6
Let r = 293 - -2215. Suppose 5*n - r = -3*p + 703, -p + 5*n = -1097. What is the tens digit of p?
7
Let h(k) = 74*k**2 - 19*k + 925. What is the thousands digit of h(20)?
0
Let w = -293 - -677. Let i = -19 - -22. Suppose -g = -3*o + 4*g + 414, i*o + 5*g - w = 0. What is the hundreds digit of o?
1
Let n(i) = i - 61. Let q be n(-16). Let t be 38*(-9)/(-2) - 1. Let a = q + t. What is the tens digit of a?
9
Let i(z) = 34567*z + 798. What is the units digit of i(1)?
5
Let t = 19 + -16. Suppose -a + t = -0*a. Suppose -a*x - 2*b + 376 = x, 0 = -5*b. What is the units digit of x?
4
Let h = -2288 - -1233. Let k = h - -2267. What is the tens digit of k?
1
Let l(d) = -d**3 - 6*d**2 + 4. Suppose 58*j - 10 = 53*j. Let b(g) = -1. Let t(w) = j*b(w) + l(w). What is the units digit of t(-6)?
2
Suppose -z + 13475 = 3*l, -30472 = -4*z - 5*l + 23414. What is the hundreds digit of z?
4
Let w(n) = -n**3 + 107*n**2 + 216*n + 2337. What is the hundreds digit of w(108)?
0
Suppose -77*o + 83*o = 30. Let b be (-5)/(10/(-12))*3. Suppose b - 58 = -o*n. What is the units digit of n?
8
Let l = 3126 + 1272. What is the thousands digit of l?
4
Let l be (144/(-45))/((-4)/460). Let u(r) = r + 20. Let y be u(-14). Suppose -y*v - 86 = -l. What is the tens digit of v?
4
Let z(a) = 3*a**3 + 5*a**2 + 86*a - 27. What is the tens digit of z(8)?
1
Suppose 45*i - 3792972 = -32*i - 25*i. What is the hundreds digit of i?
1
Suppose -3*r + 2*u - 1 = 1, 5*r + 2*u = 2. Suppose 13*l - 1306 - 2490 = r. What is the tens digit of l?
9
Suppose -57288 = -21*x + 9*x - 9*x. What is the thousands digit of x?
2
Let s(w) = 13*w**2 - 108*w - 104. What is the hundreds digit of s(20)?
9
Let q = 1 + 47. Suppose o = 3*u + 23, 0 = 3*o - u + 19 - q. Suppose -2*l = o, -4*i + 8*i - 5*l - 276 = 0. What is the tens digit of i?
6
Suppose 4*u = -25 - 35. Let o be u/(-3)*3/15. What is the units digit of -2*o/1 + 17 + 126?
1
Suppose -199*g = 5*a - 201*g - 401258, 3*g + 160490 = 2*a. What is the ten thousands digit of a?
8
Suppose -22*m + 485172 = -87705 - 159657. What is the units digit of m?
7
Let v be (-90)/675 + (-88)/15. What is the thousands digit of (v/(-5))/(42/37905)?
1
Suppose 5843 + 33628 = z - 4*f, -25*f - 75 = 0. What is the thousands digit of z?
9
Let x = 65089 + -32268. What is the ten thousands digit of x?
3
Suppose -19*h + 340466 - 34791 = -84870. What is the units digit of h?
5
Suppose -5*s + s = -24. Let i(c) = -22*c + 1880. Let f be i(85). What is the units digit of (-1)/((s/8)/((-435)/f))?
8
Suppose 5559 = 2*r + 5*a - 4359, 0 = -3*r - 5*a + 14882. What is the thousands digit of r?
4
Let z(m) = 19*m**2 - 125*m + 24. What is the units digit of z(-18)?
0
Suppose -4*x - 3*q = -20895 - 5046, -q = 5*x - 32418. What is the units digit of x?
3
Let h(w) be the second derivative of w**4/6 - 5*w**3/6 + 21*w**2 - 111*w. What is the units digit of h(-10)?
2
Suppose -15 = -4*b + b + 5*r, 9 = b - 3*r. What is the units digit of (-28)/((-7)/49 + b)?
6
Suppose 2*w - 5*o - 17 = 8, 5*w + 2*o + 10 = 0. Suppose -l + 377 + 211 = w. What is the units digit of l?
8
Suppose 14172 = 2*n + 4*h + 1354, 2*n + 2*h = 12814. What is the units digit of n?
5
Let c(a) = a**2 + 6*a + 3. Let u be c(-7). Suppose -3*p - u = -3*r - 1, r - 5*p - 23 = 0. What is the tens digit of (-58)/r + -2 + 6?
3
Let q(g) = 53*g - 270. Let f = 624 + -609. What is the tens digit of q(f)?
2
Suppose 3*p + d - 1875 = 4*d, 5 = d. Let s = -209 + p. What is the units digit of s?
1
Let w = 64 + -52. Let q be 3*(13/w + (-4)/(-16)). Suppose -8*g = -7*g - q. What is the units digit of g?
4
Let v be (-1)/((-4)/(-179))*(-936)/9. Suppose 7*j - v + 48 = 0. What is the hundreds digit of j?
6
Suppose 0 = 3*g + g. Let f be (2 - (5 - 6))/(-3 - -4). Suppose -4*k + 52 = -2*v, 0*v - f*v + 12 = g. What is the units digit of k?
5
Suppose 140 = 4*d + 4*r, 73*d = 75*d - 2*r - 90. Let a(c) = 17*c - 9. Let z be a(6). Let n = z - d. What is the units digit of n?
3
Suppose -2*u = -3*r - 41275, -3*u - 3*r + 23684 + 38281 = 0. What is the ten thousands digit of u?
2
Let g be 52/(-2)*(2 - 3). Let n(c) = g - 23 + 2*c + 17. What is the units digit of n(10)?
0
Suppose -4*m - 6 = -t - 19, -2*m + 20 = -2*t. Let f = -10 - t. Let j(v) = -92*v**3 - 2*v**2 + v + 2. What is the tens digit of j(f)?
9
Let c = 71604 + -41094. What is the hundreds digit of c?
5
Suppose 9748 - 38161 = -3*v - 3*s, -4*s = 5*v - 47353. What is the units digit of v?
9
Let j(u) = -2*u**3 - 55*u**2 + 54*u - 45. What is the thousands digit of j(-30)?
2
What is the units digit of 6611 + -9 + (0/(-2) - -8)?
0
What is the units digit of 0 - (3 - -2 - (-34 - -786))?
7
Let o(b) = b**3 + 29*b**2 + 27*b + 98. Suppose 13*x + s = 9*x - 117, 5*x - s = -135. What is the tens digit of o(x)?
2
Let p(d) = 4*d**2 + d. Let o(f) = -f**2 + 4*f + 48. Let r be o(-6). What is the hundreds digit of p(r)?
5
Suppose -1078 = 3*t - 10*t. Let r = t + -140. Suppose -15*n + r*n - 107 = -h, -2*h + 4*n = -204. What is the hundreds digit of h?
1
What is the ten thousands digit of (65056/3344)/(2/6259)?
6
Let x(v) = 95*v + 67. Let p be (-3 - (0 + -4)) + (-9)/(-3). What is the tens digit of x(p)?
4
Suppose 17*b = 18*b - 5. Suppose 92 = r - b*g, -5*r - 265 = -8*r + 4*g. What is the units digit of r?
7
What is the hundreds digit of 4250 - (-132)/(-96)*8?
2
Let b(c) = c**2 + 7*c + 15. Let w be b(-5). Suppose 3*f - w*f - 336 = 0. Let q = f + 269. What is the units digit of q?
1
Suppose -i + 69 = 4*w - 2*w, -2*w + 2*i = -84. Let a(y) = -3*y**2 + 121*y + 8. What is the units digit of a(w)?
8
Suppose -5*o = -4*j + 4253 + 6337, -4*o - 8463 = -5*j. Let q = -1283 - o. What is the hundreds digit of q?
8
Suppose 9*u = -9*u + 9846. Let p = u + -358. What is the units digit of p?
9
Let x(a) = 7*a**2 + 15 - 32524*a**3 + 32515*a**3 - 2*a**2 + 5*a. What is the units digit of x(-4)?
1
Let z(d) = -15*d**2 - 39*d + 4. Let c(p) = -8*p**2 - 19*p + 1. Let w(l) = -7*c(l) + 3*z(l). What is the hundreds digit of w(-4)?
1
Let z(l) = -l**3 - 7*l**2 - 4*l + 11. Let d = -92 - -45. Let j = d + 40. What is the units digit of z(j)?
9
Suppose -37*v + 5 = -36*v. Suppose -4*r - 60 = -8*r. What is the units digit of -2 - ((-936)/r - 3/v)?
1
Let p(w) = -w**2 + 13*w + 32. Let n be p(15). What is the units digit of 1/n + 4956/56?
9
Suppose 14*j - 34*j = -1140. What is the tens digit of (j/(-285))/(2/(-3370))?
3
Let i(m) = -m**2 + 5*m + 40. Let j be (-9)/(-12)*60/(7 + -2). Let v be i(j). What is the units digit of ((-2)/(2/(-3)) - v)*-107?
7
Let k = -671 + 3212. What is the tens digit of k?
4
Let f be 12*5/((-60)/(-573)). Let d = f + -257. What is the units digit of (-1)/((12/d)/(-3))?
9
Suppose a - 8 = 11. Suppose -5*c + 24 = a. What is the tens digit of 2/c*-1*-23?
4
Let w(h) be the third derivative of 0*h - 1/6*h**3 - 5/8*h**4 + 16*h**2 + 0. What is the units digi